 4*f, 2*n - 4 - 6 = -5*f. Suppose 0 = 4*k + q - 128, n*k + 3*k + q - 96 = 0. Does 16 divide k?
True
Let w(g) = -g**2 + 3*g. Let v be w(3). Suppose -a - 2*q = -v*a - 245, -3*a + 750 = 3*q. Does 42 divide a?
False
Suppose -2*u - 5*h = -29 + 1, 0 = -2*u + 5*h + 8. Suppose -f - 5 = 13. Is 18 a factor of 3/u - 1614/f?
True
Let t(g) = -g**3 + 66*g**2 + 71*g + 494. Does 2 divide t(67)?
True
Let l be 69/(-46) + 9/2. Suppose 4*q + 214 = 2*p - 302, 0 = -3*q + l. Does 13 divide p?
True
Let a be ((-2)/(-2) + 0)/(5/38530). Suppose -a = -5*i + h, 4 = -4*h - 0. Suppose 306 - i = -13*c. Does 5 divide c?
True
Let o(m) = 5*m**3 - 20*m**2 + 40*m + 29. Let c(s) = 11*s**3 - 42*s**2 + 80*s + 56. Let h(q) = -6*c(q) + 13*o(q). Is h(-12) a multiple of 49?
False
Let b(c) = -c + 4. Let t be b(-11). Let k(f) = 12 - 37 + t + 6*f. Is k(5) a multiple of 4?
True
Suppose 4*k = -3*a + 123, -4*k = -k - 3*a - 87. Let q be 6/45 + 1496/k. Let c = q - 30. Is c a multiple of 10?
True
Let p = 224 + -232. Is p/2*31*(-2)/8 a multiple of 6?
False
Suppose 2*t - 402 = -4*r + 1410, 4*r - 4506 = -5*t. Does 3 divide t?
False
Let d(p) = 15*p**3 + 2*p**2 - p - 2. Let n be d(-1). Let a be 14/(-49) - (-3230)/n. Let o = a + 323. Is 23 a factor of o?
True
Let d = -166 - -365. Is (d + -198)/(-1 + 31/30) a multiple of 10?
True
Suppose 2*p - 4*d + 7*d = -61, p + 2*d = -31. Is 15 a factor of (-12557)/p*(0 - -1)?
False
Suppose -18*h + 8*h + 258420 = 10*h. Is 219 a factor of h?
True
Suppose -35236 = -3*y - 4*a - 4910, 2*a = y - 10102. Is 163 a factor of y?
True
Let k = -1865 - -4119. Is k a multiple of 11?
False
Let n(l) = -l**3 + 6*l**2 - 7*l + 13. Let p be n(5). Suppose -4*z = 4*t - 6*t - 2710, 4*z = p*t + 2715. Does 15 divide z?
True
Let c = -144 + 147. Is 14 a factor of (560/(-15))/((-1)/c)?
True
Is 19704/11 + 57/209*-1 a multiple of 2?
False
Suppose -4*i + 4*w = -80612, 3*w + 100767 = 120*i - 115*i. Is i a multiple of 103?
False
Suppose 2*r + 5*w = 5167, 10322 = -r + 5*r - 2*w. Let u = r - 1828. Suppose 53 = -5*h + u. Does 17 divide h?
False
Let n(a) = 2*a**3 - a**2 + a. Let o(f) = -236*f**3 - 3*f**2 + f + 4. Let x = -56 - -60. Let g(t) = x*n(t) - o(t). Does 11 divide g(1)?
True
Let p(r) = -r - 91. Let s be p(-8). Let k = 256 + s. Is 5 a factor of k?
False
Let f = 3136 - 1276. Is 20 a factor of f?
True
Let p be 15*((-20)/(-6) - 3). Suppose 2*a + 9 = -3*j - 9, p*j = -4*a - 36. Is 9 a factor of (3/(a/178))/(3/(-9))?
False
Let u be (-6)/(-5)*(-10)/4. Let f be (2 - -2) + (-9)/(0 - u). Is 4 a factor of -2 - f/((-5)/110)?
True
Let o be 13/5 - (-28)/70. Suppose 4*j - 200 = 4*z, j - 45 = o*z + 7. Is j/21 + 4/6 a multiple of 2?
False
Let h = 39521 + -24257. Does 288 divide h?
True
Suppose -66432 = -379*i + 355*i. Is 8 a factor of i?
True
Let r = 63 + -54. Suppose r*o + 0*o = 3105. Is o a multiple of 8?
False
Let d be ((-39)/39)/((-2)/996). Suppose d*j = 507*j - 918. Is j a multiple of 34?
True
Let o be -4 - ((6 - 2) + -2 - 9). Suppose -4*n = -o*s - 471, 5*n - 3*s - 347 - 244 = 0. Is 8 a factor of n?
True
Suppose 59*x - 55*x - 512 = 0. Let j be (-6)/(6/x*-2). Suppose 2*u + 5*z - 79 = 0, 2*u - 3*z - j = -5*z. Does 11 divide u?
False
Suppose -5 = -6*p + 43. Let z(w) = -24 - p*w - 30*w + 12 - 36*w. Does 14 divide z(-3)?
True
Is (-224 - 2)*((-38)/(-6))/(-19)*24 a multiple of 26?
False
Suppose -18 = 5*h + 3*m, -4*m + 3 - 7 = 0. Let t be h/(3/(-132)*2). Does 20 divide -5 + t + -1 + 0?
True
Suppose 5*b = -20 + 65. Suppose -b*c = 4*c + 1131. Let k = 152 + c. Is k a multiple of 5?
True
Is 39 a factor of 3/5 + 20/150*17838?
True
Suppose 0 = 18*m - 24*m + 522. Let f = 323 - m. Does 27 divide f?
False
Let d(b) = b**3 - 3*b**2 + 2*b - 8. Let n(a) be the second derivative of a**3/2 - 9*a**2/2 + 7*a. Let l be n(5). Is d(l) a multiple of 18?
False
Suppose 2274408 = -2*f + 95*f. Does 186 divide f?
False
Let g = -1656 - -3076. Suppose 2*y = 5*s - g, -5*s + y + 920 = -505. Does 37 divide s?
False
Let g be 124/7 - 8/(-28). Let n = g - -30. Does 6 divide n/(-112) - 129/(-7)?
True
Let r(s) = -s**3 - 111*s**2 - 158*s + 228. Is 36 a factor of r(-110)?
True
Let o(j) = 2*j + 4. Let d be o(0). Suppose -d*u + 42 + 10 = 4*l, 3*u - 29 = -l. Suppose 13*w - 595 = u*w. Is w a multiple of 12?
False
Suppose -d + 2230 = u, -11*d + 7*d = -3*u - 8927. Is 72 a factor of d?
False
Does 45 divide 345/(-4)*34344/(-318)?
True
Suppose 5*w = 5*t - 145, -5*w + 105 = 2*t + 3*t. Suppose -t*z + 3*d + 218 = -21*z, 2*d = 4. Is z a multiple of 8?
True
Let u = -58 + 60. Let q be (-3)/u - 91/(-2). Is 27/(-1 + (-2 - (-138)/q)) a multiple of 33?
True
Is -8 + (-5 + -20687)/(-7) + 4 a multiple of 16?
False
Let z = 26021 + -13665. Is z a multiple of 74?
False
Is (-123550)/(-16) + 146/1168 a multiple of 39?
True
Suppose -3*m - 2*f + 7*f = 4, -5*m - 11 = -4*f. Let d be m*(-4)/(-3)*(-8 + -8). Let o = -43 + d. Does 8 divide o?
False
Let j be 1*(6 - 1 - 0). Suppose 13 - 4 = -29*g + 67. Suppose -j*s + 220 + 284 = -g*u, -2*s = -5*u - 210. Is s a multiple of 13?
False
Let o = 35147 - 27258. Is 8 a factor of o?
False
Let t be (-6 + 192/28)*14/4. Suppose 1443 = 5*m - t*b, 861 = 3*m + b + 2*b. Is 24 a factor of m?
True
Let o(z) = 39*z**2 - 43*z + 36. Is o(9) a multiple of 24?
True
Suppose -124 = 5*b - 864. Suppose 0*c + h - 205 = -5*c, b = 4*c + 4*h. Suppose -8*n + 318 = -c. Is n a multiple of 17?
False
Let o(b) = 26*b**3 + b**2 - b - 7. Let y be o(3). Suppose -4*v + y = 3*j - 852, 5*v = 3*j - 1589. Suppose 8*d - j = 445. Does 30 divide d?
False
Let w be 3/(1 + 2) + 35. Let q(h) = 3*h + 81. Let n be q(-19). Suppose -4*a - 2*m + n + w = 0, 4*a - m - 66 = 0. Is 11 a factor of a?
False
Let f = 291 + 9. Suppose 12*t - 17*t = -f. Is t a multiple of 10?
True
Suppose 2*r = -f + 7260, 94488 = 13*f + 8*r - 9*r. Is f a multiple of 39?
False
Let x(m) = m**3 + 4*m**2 - 5*m + 2. Let v = -28 + 23. Let u be x(v). Suppose -d - 39 = -2*y + 2, -y + 28 = -u*d. Is 3 a factor of y?
True
Suppose 31*c + c = 94720. Does 10 divide c?
True
Suppose -3*x = 90 - 912. Let c be ((-2)/(-1) + -1)*98. Suppose -c + x = 4*a. Is a a multiple of 7?
False
Let v be ((-14)/6 - -3)*33/2. Let m = v - 20. Does 7 divide (-483)/m - (-3)/(27/(-6))?
False
Let j(c) = 3*c**2 + 3*c + 6. Suppose -5*f = -5*g + 45, 2*f + 13 = g - 0*f. Suppose g*h - 11 = 19. Is 22 a factor of j(h)?
True
Let l(n) = -n**2 - 6*n - 5. Let i be l(-2). Let f = 5 - i. Suppose -2*t - 3*r + 209 = 3*t, -f*t - r + 83 = 0. Is t a multiple of 4?
True
Is 2 - 17057/(-2) - (-375)/(-150) a multiple of 82?
True
Let o = 211 - 211. Suppose -249 = 5*d - l - 649, 4*d - 3*l - 320 = o. Is 12 a factor of d?
False
Suppose 2*q - 154 = 8. Let t be 111/(-4) + (-4 - 76/(-16)). Let m = q + t. Is 9 a factor of m?
True
Let a(z) = -100*z - 360. Does 37 divide a(-11)?
True
Suppose -5*t + 5316 = -4*w, -2*t - 118*w + 116*w = -2148. Does 12 divide t?
True
Suppose 7 = -l - n - 7, 5*n + 46 = -3*l. Suppose -4*t - 3*h + h - 22 = 0, -5*t - 20 = 4*h. Is 6 a factor of 12*l/t - -3?
False
Let s be 9560/56 - (-2)/7. Suppose s = 4*c - 313. Is c a multiple of 22?
False
Suppose -5*b + 361 = -639. Let g be 1 - (2 + 1 + -3). Is b/12 + g - 1/(-3) a multiple of 18?
True
Suppose -g + 4944 = 4*x, 2*x - 2952 = 5*g - 27650. Does 25 divide g?
False
Let p = 7203 - 3567. Is 119 a factor of p?
False
Suppose 48*p = 49*p - 264. Suppose 261*s - p*s + 2130 = 0. Is s a multiple of 79?
False
Let c(j) = j**3 - 2*j**2 + j + 166. Let w be c(0). Let p = -338 + w. Let a = p - -250. Is 13 a factor of a?
True
Does 6 divide (-14048052)/(-1292) - -2*1/(-19)?
False
Let l = -236 - -6. Let j = -153 - l. Does 2 divide j?
False
Suppose 0*f + 12 = f. Let g be 1893/f + (-18)/(-8) + -2. Suppose 5*l + 3*x - 807 = 0, l - g = -5*x + x. Is 38 a factor of l?
False
Let v = 1409 + 2882. Is v a multiple of 11?
False
Suppose -21*o - 82081 + 212176 = 0. Is o a multiple of 223?
False
Let p be 2 + ((-24)/20 + 1)*5. Suppose a - 2 - p = 0, -2*a + 646 = 4*r. Does 20 divide r?
True
Is 23 a factor of 2/(-9) - (-7)/((-189)/(-116133))?
True
Let u(r) be the first derivative of 1/2*r**2 + 17*r - 21 - 1/4*r**4 + 6*r**3. Does 5 divide u(18)?
True
Let w(n) = 311*n**3 + 3*n**2 + 2. Let k = 416 + -415. Is w(k) a multiple of 18?
False
Let h(z) be the first derivative of z**5/60 + 17*z**4/24 - 4*z**3/3 - 6*z**2 - 10. Let v(p) be the second derivative of h